t are the prime factors of m?
13
Let f(p) = p**2 - 3*p - 5. Let w be f(6). Let j(y) = -y**3 + 14*y**2 - 5*y + 1. What are the prime factors of j(w)?
3, 5, 7
Suppose 250 - 42 = -4*o. Let c = 104 + o. Let u = c + -30. List the prime factors of u.
2, 11
List the prime factors of ((-25710)/(-50))/(27/90).
2, 857
Let b(x) = x**3 - 9*x**2 + 11*x + 6. Let u be b(7). List the prime factors of ((-6)/u)/((-1)/(-40)).
2
Suppose 3*t = t + 116. Suppose 53 = c - t. List the prime factors of c.
3, 37
Let c = 21 + -15. Suppose -160 = c*b - 538. List the prime factors of b.
3, 7
Let s = 9427 + -5528. What are the prime factors of s?
7, 557
Suppose 2*c = 3*n - 419, -4*n + 5*c = -0*n - 561. Let j = n - 97. List the prime factors of j.
2, 3, 7
Let h(f) = -f**3 - f + 201. Let m be h(0). Let b = m + 7. List the prime factors of b.
2, 13
Suppose 270*k = 275*k - 5520. What are the prime factors of k?
2, 3, 23
Let f(c) be the second derivative of -14*c**3/3 - 12*c. List the prime factors of f(-2).
2, 7
Let q(x) = 3*x**3 + x**3 + 4*x - 6*x - 5*x**2 - 5*x**3. Let h be q(-5). List the prime factors of 466/h - 14/(-35).
47
Let w be -5 + 5 - 3/(-1). Suppose 3*t = -2*k + 12, -w*k = -k - 3*t + 12. Suppose s - 51 = -5*y, s = -k*s - y + 43. List the prime factors of s.
41
Let j(t) = -1 + 27*t + 16 + 0 + 13*t**2 - 14*t**2. List the prime factors of j(27).
3, 5
Let v = 0 + -45. Let n = v + 47. List the prime factors of n.
2
Suppose -5*b = -5*h - 15715, 7*h + 4 = 11*h. List the prime factors of b.
2, 3, 131
Let i be (-9)/3 - (-52)/4. Let z = -15 - -28. Let g = z + i. What are the prime factors of g?
23
Let l = -22 + 41. Suppose -u = l - 189. What are the prime factors of u?
2, 5, 17
Suppose -317*s + 7830 = -308*s. List the prime factors of s.
2, 3, 5, 29
Let y(i) = -5*i + 8. Let g(a) = a**2 + 15*a - 12. Let n be g(-15). What are the prime factors of y(n)?
2, 17
Let u be ((-20)/(-6) - 0)*(-180)/(-150). What are the prime factors of u/6 - 3492/(-27)?
2, 5, 13
Let k(i) = -27*i + 13. Let n be k(8). Let x = 298 + n. What are the prime factors of x?
5, 19
Let g be ((-2)/3)/((-2)/6). Let p = 407 - 404. Suppose 0 = -5*y + p*n + 33, n = 6*y - g*y - 25. List the prime factors of y.
2, 3
Suppose -3*f + 54 = -3. Let o = f - 2. What are the prime factors of o?
17
Let b = 513 + 172. List the prime factors of b.
5, 137
Suppose -4*r + 2459 = -3*u, 4*u + 5*r + 4921 = 1694. What are the prime factors of 5 + (u/3)/(-1)?
2, 3, 23
Suppose -w - w = 3*y - 343, 0 = y + 4*w - 121. Suppose 4*r - 3*s = y, 0*r - 2*r + 4*s = -44. List the prime factors of r.
2
Let h be 1*3 + 8/(-16)*6. Suppose -7*d + 5*t + 144 = -3*d, t = h. What are the prime factors of d?
2, 3
Let g = 436 - 42. Suppose -7*s + g = -5*s. List the prime factors of s.
197
Let y(n) be the third derivative of 1/12*n**4 - 1/6*n**3 + 0 + 0*n + 1/6*n**5 + 2*n**2. List the prime factors of y(1).
11
Suppose o + 12 = 17. Suppose -76 - 89 = -o*m. List the prime factors of m.
3, 11
Let q = -5 - -4. List the prime factors of 48 - (q + (1 - -2)).
2, 23
Let a(v) = v - 1. Let x = 46 + -35. What are the prime factors of a(x)?
2, 5
Suppose -365 = -d - 0*q - 4*q, -4*q = 16. List the prime factors of d.
3, 127
Suppose 4*i - 2111 = 1241. What are the prime factors of i?
2, 419
Suppose s = 6*s - q - 658, 5*q = 10. What are the prime factors of s + 1*2/(-6)*-3?
7, 19
Suppose -4*i - 5*u - 14 + 38 = 0, 5*i - u = 1. Suppose -f - x + 0*x = 12, f = 5*x + 18. What are the prime factors of (-189)/f - (i + -2)?
2, 7
Let q = 901 + -361. What are the prime factors of q?
2, 3, 5
Suppose 384 = -2*d + 6*d. Let f = -60 + d. Suppose f + 20 = 4*r. List the prime factors of r.
2, 7
Suppose -5*l + 2470 = 4*o, -3*o - 4 = 11. List the prime factors of l.
2, 3, 83
Let g be 4/18 - ((-2440)/(-45))/(-8). Suppose -1068 = -g*m - 137. What are the prime factors of m?
7, 19
Let x(r) = 11*r**3 - r**2 - 8*r + 20. What are the prime factors of x(5)?
2, 5, 7, 19
Suppose -f - 12*f = -2925. What are the prime factors of f?
3, 5
Let g(q) be the first derivative of q**2/2 - 7*q - 8. Let r be g(5). What are the prime factors of (-1)/r + 242/4?
61
What are the prime factors of (-986 - -2)*2*9/(-24)?
2, 3, 41
Let w = 1325 - 392. What are the prime factors of w?
3, 311
Let a = -26 + 26. Suppose a = 2*p - 60 + 16. What are the prime factors of p?
2, 11
Suppose 1130 = 2*w - 2*g, -2667 - 108 = -5*w - 5*g. List the prime factors of w.
2, 5, 7
Let t(f) = f - 10. Let v be t(13). Suppose 0 = -4*z - v*n - n, 3*z + 4*n = -2. What are the prime factors of z?
2
What are the prime factors of 3949/(-33)*-1*3 - 2?
3, 7, 17
Suppose 4*f = 3*f - 15. Let g = f - -26. Suppose -g*l + 93 = -8*l. What are the prime factors of l?
31
Suppose 16 = 5*r + 3*a - 2*a, a = 3*r - 16. Suppose -35 = -5*m + 2*y + 3*y, 2*m + r*y + 10 = 0. List the prime factors of (-12)/20*(-2 - m).
3
Suppose 1142 = f + 5*t, -1932 = -f + 4*t - 799. What are the prime factors of f?
3, 379
Let o = 15 + -21. Let i = o + 10. Suppose i*k - 52 - 40 = 0. List the prime factors of k.
23
Suppose 2*q = 4*r + 72, -112*q - 103 = -115*q + 5*r. List the prime factors of q.
2, 13
Let m be (-16)/(-72) + 110/(-9). Let d = m + 20. Let g(t) = 7*t - 4. List the prime factors of g(d).
2, 13
Suppose 8*t - 67 - 1109 = 0. What are the prime factors of t?
3, 7
Let v(o) = 1 + 6 - 15*o - 3. Let x be v(-3). Suppose 5*c = 71 + x. List the prime factors of c.
2, 3
Suppose -3*g - 6 = 12. What are the prime factors of ((-834)/g)/((-3)/(-3))?
139
What are the prime factors of -97*(-13 + 25/(-5))?
2, 3, 97
Let g = -50 - -78. Suppose 0*u = 2*u - g. What are the prime factors of (-344)/(-9) + u/(-63)?
2, 19
Suppose 3*z - 28 = 5*z + 5*t, 2*t - 8 = 0. Let w = z + 25. Suppose -3*a + 84 = 2*j, 0 = -j + 2 + w. List the prime factors of a.
2, 13
Suppose 3 = 3*y + 3*o, 4*y + 5*o = 2*y + 17. List the prime factors of 3/(y + (-84)/(-20)).
3, 5
Let z(q) = 81*q**2 - q + 2. Let b be z(3). Suppose -w + 114 = m, -m - b + 170 = -5*w. Suppose 2*y = -2*y + w. List the prime factors of y.
2, 7
Suppose 861 = m - 2*h, h = -m + 2*h + 860. List the prime factors of m.
859
Suppose -3*b - 5*v - 16 = -4*b, 3*b + 3*v - 12 = 0. Suppose -b*h - 13 = -49. Suppose -60 = -h*w + 114. List the prime factors of w.
29
Let p(q) = 2*q**2 + 16*q. Let v be p(-8). Suppose -4*t - 104 + 388 = v. List the prime factors of t.
71
Let x = 959 + 101. List the prime factors of x.
2, 5, 53
Suppose 5*s + s - 18 = 0. Suppose 0 = g - 9 + s. Suppose g*k - 3*k - 219 = 0. What are the prime factors of k?
73
Let p = 2352 - 1125. List the prime factors of p.
3, 409
Suppose -7*o + 1155 = -0*o. List the prime factors of o.
3, 5, 11
Let p = 716 + 3278. List the prime factors of p.
2, 1997
Suppose 13*m - 1431 - 324 = 0. Let y = -80 + m. What are the prime factors of y?
5, 11
Suppose -4*o = 6*a - 4*a - 4986, 2498 = 2*o - 4*a. List the prime factors of o.
29, 43
Suppose -6*t + 59 = 41. Suppose 0 = t*y - 4*f - 261, -2*f + 4*f - 370 = -4*y. What are the prime factors of y?
7, 13
Let c be (2*1)/((-2)/14). Let h = 1627 - 1637. What are the prime factors of (-3 + c/(-10))*h?
2
Let v(w) = -3*w + 10*w - 16 - 10*w. List the prime factors of v(-8).
2
Suppose 2*w - w - 1 = 0. What are the prime factors of 1158/48 - w/8?
2, 3
Let z be 0/(-2 + 1) - -366. Suppose -4*x = 2*x - z. List the prime factors of x.
61
Suppose 0 = 2*j - 6, -2*j - 39 = 2*h + 95. Let c = -10 - h. Suppose -3*f - c = -5*f. What are the prime factors of f?
2, 3, 5
Let a(v) = -v - 6*v - 2*v - 7*v - 2. Let f be a(-3). What are the prime factors of f/4*2/1?
23
Suppose 0*a = 5*a. Suppose -4*u = -5*t - a*u + 18, -t - 3*u = -15. List the prime factors of t.
2, 3
List the prime factors of (-17 + 17 - (-3 - -2)) + 4932.
4933
Let b(p) be the third derivative of -p**4/24 + 11*p**3/6 - 10*p**2. Let n be b(6). Suppose 3*x - n*d = 4*x, 0 = 2*x - 5*d - 15. List the prime factors of x.
5
Suppose 2*v - 9724 = 2*h, 8*v = 11*v + 5*h - 14578. List the prime factors of v.
4861
Let p be (-5)/(-35) + (-30)/14. List the prime factors of 143*(-7 - -8)/(-1 - p).
11, 13
Let h(b) = b**2 - b - 4. Let i be h(3). Let k = i + 3. Suppose -3*n + k = -40. List the prime factors of n.
3, 5
Suppose -2*z + 4*z = 6. Suppose -z*p = -0 - 12. Suppose p*o + 5*g - 83 = 0, -8 - 2 = 2*g. List the prime factors of o.
3
Let k(x) = x**2 